{"id":158,"date":"2024-02-18T18:31:22","date_gmt":"2024-02-18T17:31:22","guid":{"rendered":"https:\/\/pommedupilat.fr\/?page_id=158"},"modified":"2024-02-18T18:58:36","modified_gmt":"2024-02-18T17:58:36","slug":"nos-recettes","status":"publish","type":"page","link":"https:\/\/pommedupilat.fr\/index.php\/nos-recettes\/","title":{"rendered":"Nos Recettes"},"content":{"rendered":"\t\t<div data-elementor-type=\"wp-page\" data-elementor-id=\"158\" class=\"elementor elementor-158\">\n\t\t\t\t<div class=\"elementor-element elementor-element-a057451 e-flex e-con-boxed e-con e-parent\" data-id=\"a057451\" data-element_type=\"container\" data-settings=\"{&quot;content_width&quot;:&quot;boxed&quot;}\" data-core-v316-plus=\"true\">\n\t\t\t\t\t<div class=\"e-con-inner\">\n\t\t\t\t<div class=\"elementor-element elementor-element-e9b4b5f elementor-widget-divider--view-line elementor-widget elementor-widget-divider\" data-id=\"e9b4b5f\" data-element_type=\"widget\" data-widget_type=\"divider.default\">\n\t\t\t\t<div class=\"elementor-widget-container\">\n\t\t\t<style>\/*! elementor - v3.19.0 - 07-02-2024 *\/\n.elementor-widget-divider{--divider-border-style:none;--divider-border-width:1px;--divider-color:#0c0d0e;--divider-icon-size:20px;--divider-element-spacing:10px;--divider-pattern-height:24px;--divider-pattern-size:20px;--divider-pattern-url:none;--divider-pattern-repeat:repeat-x}.elementor-widget-divider .elementor-divider{display:flex}.elementor-widget-divider .elementor-divider__text{font-size:15px;line-height:1;max-width:95%}.elementor-widget-divider .elementor-divider__element{margin:0 var(--divider-element-spacing);flex-shrink:0}.elementor-widget-divider .elementor-icon{font-size:var(--divider-icon-size)}.elementor-widget-divider .elementor-divider-separator{display:flex;margin:0;direction:ltr}.elementor-widget-divider--view-line_icon .elementor-divider-separator,.elementor-widget-divider--view-line_text .elementor-divider-separator{align-items:center}.elementor-widget-divider--view-line_icon .elementor-divider-separator:after,.elementor-widget-divider--view-line_icon .elementor-divider-separator:before,.elementor-widget-divider--view-line_text .elementor-divider-separator:after,.elementor-widget-divider--view-line_text .elementor-divider-separator:before{display:block;content:\"\";border-block-end:0;flex-grow:1;border-block-start:var(--divider-border-width) var(--divider-border-style) var(--divider-color)}.elementor-widget-divider--element-align-left .elementor-divider .elementor-divider-separator>.elementor-divider__svg:first-of-type{flex-grow:0;flex-shrink:100}.elementor-widget-divider--element-align-left .elementor-divider-separator:before{content:none}.elementor-widget-divider--element-align-left .elementor-divider__element{margin-left:0}.elementor-widget-divider--element-align-right .elementor-divider .elementor-divider-separator>.elementor-divider__svg:last-of-type{flex-grow:0;flex-shrink:100}.elementor-widget-divider--element-align-right .elementor-divider-separator:after{content:none}.elementor-widget-divider--element-align-right .elementor-divider__element{margin-right:0}.elementor-widget-divider--element-align-start .elementor-divider .elementor-divider-separator>.elementor-divider__svg:first-of-type{flex-grow:0;flex-shrink:100}.elementor-widget-divider--element-align-start .elementor-divider-separator:before{content:none}.elementor-widget-divider--element-align-start .elementor-divider__element{margin-inline-start:0}.elementor-widget-divider--element-align-end .elementor-divider .elementor-divider-separator>.elementor-divider__svg:last-of-type{flex-grow:0;flex-shrink:100}.elementor-widget-divider--element-align-end .elementor-divider-separator:after{content:none}.elementor-widget-divider--element-align-end .elementor-divider__element{margin-inline-end:0}.elementor-widget-divider:not(.elementor-widget-divider--view-line_text):not(.elementor-widget-divider--view-line_icon) .elementor-divider-separator{border-block-start:var(--divider-border-width) var(--divider-border-style) var(--divider-color)}.elementor-widget-divider--separator-type-pattern{--divider-border-style:none}.elementor-widget-divider--separator-type-pattern.elementor-widget-divider--view-line .elementor-divider-separator,.elementor-widget-divider--separator-type-pattern:not(.elementor-widget-divider--view-line) .elementor-divider-separator:after,.elementor-widget-divider--separator-type-pattern:not(.elementor-widget-divider--view-line) .elementor-divider-separator:before,.elementor-widget-divider--separator-type-pattern:not([class*=elementor-widget-divider--view]) .elementor-divider-separator{width:100%;min-height:var(--divider-pattern-height);-webkit-mask-size:var(--divider-pattern-size) 100%;mask-size:var(--divider-pattern-size) 100%;-webkit-mask-repeat:var(--divider-pattern-repeat);mask-repeat:var(--divider-pattern-repeat);background-color:var(--divider-color);-webkit-mask-image:var(--divider-pattern-url);mask-image:var(--divider-pattern-url)}.elementor-widget-divider--no-spacing{--divider-pattern-size:auto}.elementor-widget-divider--bg-round{--divider-pattern-repeat:round}.rtl .elementor-widget-divider .elementor-divider__text{direction:rtl}.e-con-inner>.elementor-widget-divider,.e-con>.elementor-widget-divider{width:var(--container-widget-width,100%);--flex-grow:var(--container-widget-flex-grow)}<\/style>\t\t<div class=\"elementor-divider\">\n\t\t\t<span class=\"elementor-divider-separator\">\n\t\t\t\t\t\t<\/span>\n\t\t<\/div>\n\t\t\t\t<\/div>\n\t\t\t\t<\/div>\n\t\t\t\t\t<\/div>\n\t\t\t\t<\/div>\n\t\t<div class=\"elementor-element elementor-element-9a13990 e-flex e-con-boxed e-con e-parent\" data-id=\"9a13990\" data-element_type=\"container\" data-settings=\"{&quot;animation&quot;:&quot;none&quot;,&quot;content_width&quot;:&quot;boxed&quot;}\" data-core-v316-plus=\"true\">\n\t\t\t\t\t<div class=\"e-con-inner\">\n\t\t\t\t<div class=\"elementor-element elementor-element-5becdae elementor-widget elementor-widget-heading\" data-id=\"5becdae\" data-element_type=\"widget\" data-widget_type=\"heading.default\">\n\t\t\t\t<div class=\"elementor-widget-container\">\n\t\t\t<style>\/*! elementor - v3.19.0 - 07-02-2024 *\/\n.elementor-heading-title{padding:0;margin:0;line-height:1}.elementor-widget-heading .elementor-heading-title[class*=elementor-size-]>a{color:inherit;font-size:inherit;line-height:inherit}.elementor-widget-heading .elementor-heading-title.elementor-size-small{font-size:15px}.elementor-widget-heading .elementor-heading-title.elementor-size-medium{font-size:19px}.elementor-widget-heading .elementor-heading-title.elementor-size-large{font-size:29px}.elementor-widget-heading .elementor-heading-title.elementor-size-xl{font-size:39px}.elementor-widget-heading .elementor-heading-title.elementor-size-xxl{font-size:59px}<\/style><h1 class=\"elementor-heading-title elementor-size-default\">Nos Recettes<\/h1>\t\t<\/div>\n\t\t\t\t<\/div>\n\t\t\t\t<div class=\"elementor-element elementor-element-87abc16 elementor-widget-divider--view-line elementor-widget elementor-widget-divider\" data-id=\"87abc16\" data-element_type=\"widget\" data-widget_type=\"divider.default\">\n\t\t\t\t<div class=\"elementor-widget-container\">\n\t\t\t\t\t<div class=\"elementor-divider\">\n\t\t\t<span class=\"elementor-divider-separator\">\n\t\t\t\t\t\t<\/span>\n\t\t<\/div>\n\t\t\t\t<\/div>\n\t\t\t\t<\/div>\n\t\t\t\t\t<\/div>\n\t\t\t\t<\/div>\n\t\t<div class=\"elementor-element elementor-element-f0ab1e7 e-flex e-con-boxed elementor-invisible e-con e-parent\" data-id=\"f0ab1e7\" data-element_type=\"container\" data-settings=\"{&quot;animation&quot;:&quot;fadeInRight&quot;,&quot;content_width&quot;:&quot;boxed&quot;}\" data-core-v316-plus=\"true\">\n\t\t\t\t\t<div class=\"e-con-inner\">\n\t\t\t\t<div class=\"elementor-element elementor-element-461bb48 elementor-widget elementor-widget-text-editor\" data-id=\"461bb48\" data-element_type=\"widget\" data-widget_type=\"text-editor.default\">\n\t\t\t\t<div class=\"elementor-widget-container\">\n\t\t\t<style>\/*! elementor - v3.19.0 - 07-02-2024 *\/\n.elementor-widget-text-editor.elementor-drop-cap-view-stacked .elementor-drop-cap{background-color:#69727d;color:#fff}.elementor-widget-text-editor.elementor-drop-cap-view-framed .elementor-drop-cap{color:#69727d;border:3px solid;background-color:transparent}.elementor-widget-text-editor:not(.elementor-drop-cap-view-default) .elementor-drop-cap{margin-top:8px}.elementor-widget-text-editor:not(.elementor-drop-cap-view-default) .elementor-drop-cap-letter{width:1em;height:1em}.elementor-widget-text-editor .elementor-drop-cap{float:left;text-align:center;line-height:1;font-size:50px}.elementor-widget-text-editor .elementor-drop-cap-letter{display:inline-block}<\/style>\t\t\t\t<p><span style=\"text-decoration: underline;\"><strong>Golden Du Pilat Et Fruits Secs<\/strong><\/span><\/p><p>Lavez les 4 pommes Golden du Pilat, coupez-les aux trois quarts de leur hauteur et \u00e9videz-les en prenant soin de ne pas les percer et en laissant une couche \u00e9paisse de chair.<\/p><p>Pelez la pomme en alternant peau et chair. Citronnez les bords pour \u00e9viter qu&rsquo;ils ne noircissent.<\/p><p>Pr\u00e9chauffez le four \u00e0 200\u00b0C.<\/p><p>Hachez grossi\u00e8rement 4 abricots secs, 4 noix, 1 cuill\u00e8re \u00e0 soupe de raisins de Corinthe, 1 poign\u00e9e de fruits confits assortis et m\u00e9langez les.<\/p><p>Farcissez les pommes, arrosez de miel (2 cuill\u00e8res \u00e0 caf\u00e9 de miel liquide) et de jus d&rsquo;orange (2 oranges).\u00a0<\/p><p>Enfournez et laissez cuire 30 minutes, avant de les d\u00e9guster.<\/p>\t\t\t\t\t\t<\/div>\n\t\t\t\t<\/div>\n\t\t\t\t\t<\/div>\n\t\t\t\t<\/div>\n\t\t<div class=\"elementor-element elementor-element-245c06b e-flex e-con-boxed elementor-invisible e-con e-parent\" data-id=\"245c06b\" data-element_type=\"container\" data-settings=\"{&quot;animation&quot;:&quot;fadeInLeft&quot;,&quot;content_width&quot;:&quot;boxed&quot;}\" data-core-v316-plus=\"true\">\n\t\t\t\t\t<div class=\"e-con-inner\">\n\t\t\t\t<div class=\"elementor-element elementor-element-d55c51b elementor-widget elementor-widget-text-editor\" data-id=\"d55c51b\" data-element_type=\"widget\" data-widget_type=\"text-editor.default\">\n\t\t\t\t<div class=\"elementor-widget-container\">\n\t\t\t\t\t\t\t<p><span style=\"text-decoration: underline;\"><strong>Ch\u00e8vre Frais Au Gala Du Pilat<\/strong><\/span><\/p><p>Lavez soigneusement 4 pommes Gala du Pilat.<\/p><p>Coupez-les en quatre, sans les peler et retirez les p\u00e9pins.<\/p><p>Coupez chaque quartier en tr\u00e8s fines lamelles.<\/p><p>Placez-les dans un saladier et trempez-les dans le jus de citron afin qu&rsquo;elles ne noircissent pas.<\/p><p>Coupez chaque ch\u00e8vre en fines tranches (2 ch\u00e8vres frais). Dans une po\u00eale, faites dorer les pignons de pin avec une cuill\u00e8re \u00e0 soupe d&rsquo;huile (100 g de pignons de pin).<\/p><p>Placez dans chaque assiette trois tranches de ch\u00e8vre et les lamelles de pomme.<\/p><p>Faites chauffer doucement le miel (10 cuill\u00e8res \u00e0 soupe de miel liquide) dans une petite casserole.<\/p><p>Quand il est chaud, versez-le sur les tranches de ch\u00e8vre et de pomme, puis parsemez de pignons dor\u00e9s.<\/p><p>Servir aussit\u00f4t.<\/p>\t\t\t\t\t\t<\/div>\n\t\t\t\t<\/div>\n\t\t\t\t\t<\/div>\n\t\t\t\t<\/div>\n\t\t<div class=\"elementor-element elementor-element-9c98dc3 e-flex e-con-boxed elementor-invisible e-con e-parent\" data-id=\"9c98dc3\" data-element_type=\"container\" data-settings=\"{&quot;animation&quot;:&quot;fadeInRight&quot;,&quot;content_width&quot;:&quot;boxed&quot;}\" data-core-v316-plus=\"true\">\n\t\t\t\t\t<div class=\"e-con-inner\">\n\t\t\t\t<div class=\"elementor-element elementor-element-a8cd42c elementor-widget elementor-widget-text-editor\" data-id=\"a8cd42c\" data-element_type=\"widget\" data-widget_type=\"text-editor.default\">\n\t\t\t\t<div class=\"elementor-widget-container\">\n\t\t\t\t\t\t\t<p><span style=\"text-decoration: underline;\"><strong>Smoothie Frais Aux Pommes Du Pilat<\/strong><\/span><\/p><p>1 pomme Golden du Pilat ou Gala du Pilat ou Ros\u00e9e du Pilat<br \/>20 cl de yaourt \u00e0 boire \u00e0 la vanille<br \/>1 pinc\u00e9e de cannelle<\/p><p>Pelez la pomme et coupez-la en petits cubes. Versez-les dans le bol du blender (shaker).<\/p><p>Ajoutez le yaourt \u00e0 boire et la cannelle. Mixez suffisamment longtemps pour obtenir une texture l\u00e9g\u00e8re et mousseuse.<\/p><p>Versez dans un verre et d\u00e9gustez aussit\u00f4t.<\/p>\t\t\t\t\t\t<\/div>\n\t\t\t\t<\/div>\n\t\t\t\t\t<\/div>\n\t\t\t\t<\/div>\n\t\t<div class=\"elementor-element elementor-element-3e13f6b e-flex e-con-boxed elementor-invisible e-con e-parent\" data-id=\"3e13f6b\" data-element_type=\"container\" data-settings=\"{&quot;animation&quot;:&quot;fadeInLeft&quot;,&quot;content_width&quot;:&quot;boxed&quot;}\" data-core-v316-plus=\"true\">\n\t\t\t\t\t<div class=\"e-con-inner\">\n\t\t\t\t<div class=\"elementor-element elementor-element-f6160c0 elementor-widget elementor-widget-text-editor\" data-id=\"f6160c0\" data-element_type=\"widget\" data-widget_type=\"text-editor.default\">\n\t\t\t\t<div class=\"elementor-widget-container\">\n\t\t\t\t\t\t\t<p><span style=\"text-decoration: underline;\"><strong>Brochette De Rigotte De Condrieu Pan\u00e9e Et Ros\u00e9e Du Pilat<\/strong><\/span><\/p><p>3 Rigotte de Condrieu AOC<br \/>2 pommes la Ros\u00e9e du Pilat<br \/>3 cuill\u00e8res \u00e0 soupe bomb\u00e9es\u00a0de chapelure\u00a0<br \/>50 cl d\u2019huile d\u2019arachide<br \/>1 oeuf\u00a0<br \/>3 cuill\u00e8res \u00e0 soupe de farine<\/p><p>D\u00e9coupez des pommes \u00ab la Ros\u00e9e du Pilat \u00bb en rondelles.<\/p><p>Battez l\u2019oeuf en omelette dans une assiette creuse, dans une deuxi\u00e8me assiette versez la farine et dans une troisi\u00e8me versez la chapelure.<\/p><p>D\u00e9coupez chaque Rigotte en 4 morceaux identiques. <br \/>Roulez chaque quartier de fromage d\u2019abord dans la farine puis dans l\u2019oeuf battu et enfin enrobez-les de chapelure.<\/p><p>Faites chauffer l\u2019huile d\u2019arachide \u00e0 170<sup>\u00b0<\/sup>\u00a0et faites dorer dans celle-ci les morceaux de fromage pan\u00e9s pendant 2 min.<\/p><p>Egouttez-les, \u00e9pongez-les sur une couche de papier absorbant.<\/p><p>Servez-les sur des petites piques avec pour d\u00e9corer les rondelles de pommes \u00ab la Ros\u00e9e du Pilat\u00a0<em>\u00bb<\/em>.<\/p>\t\t\t\t\t\t<\/div>\n\t\t\t\t<\/div>\n\t\t\t\t\t<\/div>\n\t\t\t\t<\/div>\n\t\t<div class=\"elementor-element elementor-element-b39dac8 e-flex e-con-boxed e-con e-parent\" data-id=\"b39dac8\" data-element_type=\"container\" data-settings=\"{&quot;content_width&quot;:&quot;boxed&quot;}\" data-core-v316-plus=\"true\">\n\t\t\t\t\t<div class=\"e-con-inner\">\n\t\t\t\t<div class=\"elementor-element elementor-element-6561ed3 elementor-widget-divider--view-line elementor-widget elementor-widget-divider\" data-id=\"6561ed3\" data-element_type=\"widget\" data-widget_type=\"divider.default\">\n\t\t\t\t<div class=\"elementor-widget-container\">\n\t\t\t\t\t<div class=\"elementor-divider\">\n\t\t\t<span class=\"elementor-divider-separator\">\n\t\t\t\t\t\t<\/span>\n\t\t<\/div>\n\t\t\t\t<\/div>\n\t\t\t\t<\/div>\n\t\t\t\t\t<\/div>\n\t\t\t\t<\/div>\n\t\t\t\t<\/div>\n\t\t","protected":false},"excerpt":{"rendered":"<p>Nos Recettes Golden Du Pilat Et Fruits Secs Lavez les 4 pommes Golden du Pilat, coupez-les aux trois quarts de leur hauteur et \u00e9videz-les en prenant soin de ne pas les percer et en laissant une couche \u00e9paisse de chair. Pelez la pomme en alternant peau et chair. Citronnez les bords pour \u00e9viter qu&rsquo;ils ne&hellip;&nbsp;<a href=\"https:\/\/pommedupilat.fr\/index.php\/nos-recettes\/\" class=\"\" rel=\"bookmark\">Lire la suite &raquo;<span class=\"screen-reader-text\">Nos Recettes<\/span><\/a><\/p>\n","protected":false},"author":1,"featured_media":0,"parent":0,"menu_order":0,"comment_status":"closed","ping_status":"closed","template":"page-templates\/template-pagebuilder-full-width.php","meta":{"neve_meta_sidebar":"","neve_meta_container":"","neve_meta_enable_content_width":"","neve_meta_content_width":0,"neve_meta_title_alignment":"","neve_meta_author_avatar":"","neve_post_elements_order":"","neve_meta_disable_header":"","neve_meta_disable_footer":"","neve_meta_disable_title":"","footnotes":""},"class_list":["post-158","page","type-page","status-publish","hentry"],"_links":{"self":[{"href":"https:\/\/pommedupilat.fr\/index.php\/wp-json\/wp\/v2\/pages\/158","targetHints":{"allow":["GET"]}}],"collection":[{"href":"https:\/\/pommedupilat.fr\/index.php\/wp-json\/wp\/v2\/pages"}],"about":[{"href":"https:\/\/pommedupilat.fr\/index.php\/wp-json\/wp\/v2\/types\/page"}],"author":[{"embeddable":true,"href":"https:\/\/pommedupilat.fr\/index.php\/wp-json\/wp\/v2\/users\/1"}],"replies":[{"embeddable":true,"href":"https:\/\/pommedupilat.fr\/index.php\/wp-json\/wp\/v2\/comments?post=158"}],"version-history":[{"count":25,"href":"https:\/\/pommedupilat.fr\/index.php\/wp-json\/wp\/v2\/pages\/158\/revisions"}],"predecessor-version":[{"id":194,"href":"https:\/\/pommedupilat.fr\/index.php\/wp-json\/wp\/v2\/pages\/158\/revisions\/194"}],"wp:attachment":[{"href":"https:\/\/pommedupilat.fr\/index.php\/wp-json\/wp\/v2\/media?parent=158"}],"curies":[{"name":"wp","href":"https:\/\/api.w.org\/{rel}","templated":true}]}}